{"id":20,"date":"2011-12-17T10:25:00","date_gmt":"2011-12-17T09:25:00","guid":{"rendered":"http:\/\/www.wernerdobelmannarchiv.de\/2011\/12\/17\/zur-person\/"},"modified":"2017-09-11T14:41:10","modified_gmt":"2017-09-11T12:41:10","slug":"zur-person","status":"publish","type":"page","link":"https:\/\/www.wernerdobelmannarchiv.de\/index.php\/zur-person\/","title":{"rendered":"Zur Person"},"content":{"rendered":"<table border=\"0\" width=\"862\" cellspacing=\"2\" cellpadding=\"0\">\n<tbody>\n<tr>\n<td>\n<p style=\"text-align: center;\"><a href=\"http:\/\/www.wernerdobelmannarchiv.de\/index.php\/kleine-liebe-zum-artlande-0\/\"><img loading=\"lazy\" decoding=\"async\" class=\" size-full wp-image-13\" style=\"display: block; margin-left: auto; margin-right: auto;\" src=\"http:\/\/www.wernerdobelmannarchiv.de\/wp-content\/uploads\/2011\/12\/images_sampledata_WDA_klza_index.jpg\" alt=\"\" width=\"232\" height=\"170\" border=\"0\" srcset=\"https:\/\/www.wernerdobelmannarchiv.de\/wp-content\/uploads\/2011\/12\/images_sampledata_WDA_klza_index.jpg 800w, https:\/\/www.wernerdobelmannarchiv.de\/wp-content\/uploads\/2011\/12\/images_sampledata_WDA_klza_index-300x219.jpg 300w, https:\/\/www.wernerdobelmannarchiv.de\/wp-content\/uploads\/2011\/12\/images_sampledata_WDA_klza_index-768x562.jpg 768w\" sizes=\"auto, (max-width: 232px) 100vw, 232px\" \/><\/a><\/p>\n<p style=\"text-align: center;\"><strong><a href=\"http:\/\/www.wernerdobelmannarchiv.de\/index.php\/kleine-liebe-zum-artlande-0\/\">Kleine Liebe zum Artlande<\/a><\/strong><br \/>\nin: Heimat-Kalender f\u00fcr den Kreis Bersenbr\u00fcck (Artl\u00e4nder Haus- und Taschen-Kalender) (1952), pp. 56-60<\/p>\n<p style=\"text-align: center;\"><a href=\"http:\/\/www.wernerdobelmannarchiv.de\/index.php\/ich-ueber-mich\/\"><img loading=\"lazy\" decoding=\"async\" class=\" size-full wp-image-14\" style=\"display: block; margin-left: auto; margin-right: auto;\" src=\"http:\/\/www.wernerdobelmannarchiv.de\/wp-content\/uploads\/2011\/12\/images_sampledata_WDA_ich_uber_mich.jpg\" alt=\"\" width=\"233\" height=\"170\" border=\"0\" \/><\/a><\/p>\n<p style=\"text-align: center;\">\u00a0<strong><a href=\"http:\/\/www.wernerdobelmannarchiv.de\/index.php\/ich-ueber-mich\/\">Ich \u00fcber mich<\/a><\/strong><br \/>\nin: Heimat-Kalender f\u00fcr den Kreis Bersenbr\u00fcck (Artl\u00e4nder Haus- und Taschen-Kalender) (1952), pp. 92f.<\/p>\n<p style=\"text-align: center;\"><a href=\"http:\/\/www.wernerdobelmannarchiv.de\/index.php\/heimatfreund\/\"><img loading=\"lazy\" decoding=\"async\" class=\" size-full wp-image-15\" style=\"display: block; margin-left: auto; margin-right: auto;\" src=\"http:\/\/www.wernerdobelmannarchiv.de\/wp-content\/uploads\/2011\/12\/images_sampledata_WDA_heimatfreund.jpg\" alt=\"\" width=\"198\" height=\"170\" border=\"0\" srcset=\"https:\/\/www.wernerdobelmannarchiv.de\/wp-content\/uploads\/2011\/12\/images_sampledata_WDA_heimatfreund.jpg 878w, https:\/\/www.wernerdobelmannarchiv.de\/wp-content\/uploads\/2011\/12\/images_sampledata_WDA_heimatfreund-300x257.jpg 300w, https:\/\/www.wernerdobelmannarchiv.de\/wp-content\/uploads\/2011\/12\/images_sampledata_WDA_heimatfreund-768x659.jpg 768w\" sizes=\"auto, (max-width: 198px) 100vw, 198px\" \/><\/a><\/p>\n<p style=\"text-align: center;\"><strong><a href=\"http:\/\/www.wernerdobelmannarchiv.de\/index.php\/heimatfreund\/\"><span style=\"color: black;\">Heimatfreund und Schriftsteller<\/span><\/a>. Werner Dobelmann wird am Sonntag 70 Jahre alt<\/strong><br \/>\nin: Bersenbr\u00fccker Kreisblatt vom 15. Oktober 1983<\/p>\n<p style=\"text-align: center;\">\u00a0<a href=\"http:\/\/www.wernerdobelmannarchiv.de\/index.php\/nachruf\/\"><img loading=\"lazy\" decoding=\"async\" class=\" size-full wp-image-16\" style=\"display: block; margin-left: auto; margin-right: auto;\" src=\"http:\/\/www.wernerdobelmannarchiv.de\/wp-content\/uploads\/2011\/12\/images_sampledata_WDA_nachruf.jpg\" alt=\"\" width=\"161\" height=\"170\" border=\"0\" \/><\/a><strong><a href=\"http:\/\/www.wernerdobelmannarchiv.de\/index.php\/nachruf\/\"><span style=\"color: black;\"><br \/>\n&lt;Nachruf&gt;<\/span><\/a><\/strong><br \/>\nin: Heimat-Jahrbuch Osnabr\u00fccker Land [13] (1986), p. 343<\/p>\n<p style=\"text-align: center;\"><a href=\"http:\/\/www.wernerdobelmannarchiv.de\/index.php\/nachruf-1994\/\"><img loading=\"lazy\" decoding=\"async\" class=\" size-full wp-image-17\" style=\"display: block; margin-left: auto; margin-right: auto;\" src=\"http:\/\/www.wernerdobelmannarchiv.de\/wp-content\/uploads\/2011\/12\/images_sampledata_WDA_nachruf_1994.jpg\" alt=\"\" width=\"164\" height=\"170\" border=\"0\" srcset=\"https:\/\/www.wernerdobelmannarchiv.de\/wp-content\/uploads\/2011\/12\/images_sampledata_WDA_nachruf_1994.jpg 723w, https:\/\/www.wernerdobelmannarchiv.de\/wp-content\/uploads\/2011\/12\/images_sampledata_WDA_nachruf_1994-288x300.jpg 288w\" sizes=\"auto, (max-width: 164px) 100vw, 164px\" \/><\/a><\/p>\n<p style=\"text-align: center;\"><strong><a href=\"http:\/\/www.wernerdobelmannarchiv.de\/index.php\/nachruf-1994\/\"><span style=\"color: black;\">Werner Dobelmann &#8211; mit Nortrup verbunden<\/span><\/a><\/strong><br \/>\nin: Gemeinde Nortrup (Hrsg.), 825 Jahre Nortrup im Wandel der Zeit. 1169-1994, Nortrup 1994, p. 163<\/p>\n<p style=\"text-align: center;\"><img loading=\"lazy\" decoding=\"async\" class=\" size-full wp-image-18\" src=\"http:\/\/www.wernerdobelmannarchiv.de\/wp-content\/uploads\/2011\/12\/images_wd%20berge%201981.jpg\" alt=\"\" width=\"203\" height=\"342\" border=\"0\" \/><\/p>\n<p style=\"text-align: center;\"><img loading=\"lazy\" decoding=\"async\" class=\" size-full wp-image-19\" src=\"http:\/\/www.wernerdobelmannarchiv.de\/wp-content\/uploads\/2011\/12\/images_wd%20taufe_2.jpg\" alt=\"\" width=\"259\" height=\"210\" border=\"0\" \/><\/p>\n<\/td>\n<td style=\"text-align: center;\"><\/td>\n<\/tr>\n<\/tbody>\n<\/table>\n","protected":false},"excerpt":{"rendered":"<p>Kleine Liebe zum Artlande in: Heimat-Kalender f\u00fcr den Kreis Bersenbr\u00fcck (Artl\u00e4nder Haus- und Taschen-Kalender) (1952), pp. 56-60 \u00a0Ich \u00fcber mich in: Heimat-Kalender f\u00fcr den Kreis Bersenbr\u00fcck (Artl\u00e4nder Haus- und Taschen-Kalender) (1952), pp. 92f. Heimatfreund und Schriftsteller. Werner Dobelmann wird am Sonntag 70 Jahre alt in: Bersenbr\u00fccker Kreisblatt vom 15. Oktober 1983 \u00a0 &lt;Nachruf&gt; in: Heimat-Jahrbuch &hellip; <\/p>\n<p class=\"link-more\"><a href=\"https:\/\/www.wernerdobelmannarchiv.de\/index.php\/zur-person\/\" class=\"more-link\"><span class=\"screen-reader-text\">\u201eZur Person\u201c<\/span> weiterlesen<\/a><\/p>\n","protected":false},"author":1,"featured_media":0,"parent":0,"menu_order":13,"comment_status":"open","ping_status":"open","template":"","meta":{"footnotes":""},"class_list":["post-20","page","type-page","status-publish","hentry"],"_links":{"self":[{"href":"https:\/\/www.wernerdobelmannarchiv.de\/index.php\/wp-json\/wp\/v2\/pages\/20","targetHints":{"allow":["GET"]}}],"collection":[{"href":"https:\/\/www.wernerdobelmannarchiv.de\/index.php\/wp-json\/wp\/v2\/pages"}],"about":[{"href":"https:\/\/www.wernerdobelmannarchiv.de\/index.php\/wp-json\/wp\/v2\/types\/page"}],"author":[{"embeddable":true,"href":"https:\/\/www.wernerdobelmannarchiv.de\/index.php\/wp-json\/wp\/v2\/users\/1"}],"replies":[{"embeddable":true,"href":"https:\/\/www.wernerdobelmannarchiv.de\/index.php\/wp-json\/wp\/v2\/comments?post=20"}],"version-history":[{"count":3,"href":"https:\/\/www.wernerdobelmannarchiv.de\/index.php\/wp-json\/wp\/v2\/pages\/20\/revisions"}],"predecessor-version":[{"id":1396,"href":"https:\/\/www.wernerdobelmannarchiv.de\/index.php\/wp-json\/wp\/v2\/pages\/20\/revisions\/1396"}],"wp:attachment":[{"href":"https:\/\/www.wernerdobelmannarchiv.de\/index.php\/wp-json\/wp\/v2\/media?parent=20"}],"curies":[{"name":"wp","href":"https:\/\/api.w.org\/{rel}","templated":true}]}}