{"id":672,"date":"2011-12-27T17:01:55","date_gmt":"2011-12-27T16:01:55","guid":{"rendered":"http:\/\/www.wernerdobelmannarchiv.de\/2011\/12\/27\/tuechtigkeit-der-maenner-anmut-der-frauen-alte-loblieder-auf-die-schoene-stadt-muenster\/"},"modified":"2011-12-27T17:01:55","modified_gmt":"2011-12-27T16:01:55","slug":"tuechtigkeit-der-maenner-anmut-der-frauen-alte-loblieder-auf-die-schoene-stadt-muenster","status":"publish","type":"page","link":"http:\/\/www.wernerdobelmannarchiv.de\/index.php\/tuechtigkeit-der-maenner-anmut-der-frauen-alte-loblieder-auf-die-schoene-stadt-muenster\/","title":{"rendered":"T\u00fcchtigkeit der M\u00e4nner, Anmut der Frauen. Alte Loblieder auf die sch\u00f6ne Stadt M\u00fcnster"},"content":{"rendered":"<p>in: Westf\u00e4lischer Heimatkalender (1980), pp. 55-58<\/p>\n","protected":false},"excerpt":{"rendered":"<p>in: Westf\u00e4lischer Heimatkalender (1980), pp. 55-58<\/p>\n","protected":false},"author":1,"featured_media":0,"parent":0,"menu_order":135,"comment_status":"open","ping_status":"open","template":"","meta":{"footnotes":""},"class_list":["post-672","page","type-page","status-publish","hentry"],"_links":{"self":[{"href":"http:\/\/www.wernerdobelmannarchiv.de\/index.php\/wp-json\/wp\/v2\/pages\/672","targetHints":{"allow":["GET"]}}],"collection":[{"href":"http:\/\/www.wernerdobelmannarchiv.de\/index.php\/wp-json\/wp\/v2\/pages"}],"about":[{"href":"http:\/\/www.wernerdobelmannarchiv.de\/index.php\/wp-json\/wp\/v2\/types\/page"}],"author":[{"embeddable":true,"href":"http:\/\/www.wernerdobelmannarchiv.de\/index.php\/wp-json\/wp\/v2\/users\/1"}],"replies":[{"embeddable":true,"href":"http:\/\/www.wernerdobelmannarchiv.de\/index.php\/wp-json\/wp\/v2\/comments?post=672"}],"version-history":[{"count":0,"href":"http:\/\/www.wernerdobelmannarchiv.de\/index.php\/wp-json\/wp\/v2\/pages\/672\/revisions"}],"wp:attachment":[{"href":"http:\/\/www.wernerdobelmannarchiv.de\/index.php\/wp-json\/wp\/v2\/media?parent=672"}],"curies":[{"name":"wp","href":"https:\/\/api.w.org\/{rel}","templated":true}]}}