{"id":457,"date":"2011-12-25T15:53:03","date_gmt":"2011-12-25T14:53:03","guid":{"rendered":"http:\/\/www.wernerdobelmannarchiv.de\/2011\/12\/25\/lyrik-a-belletristik-1963\/"},"modified":"2017-09-07T20:49:09","modified_gmt":"2017-09-07T18:49:09","slug":"lyrik-a-belletristik-1963","status":"publish","type":"page","link":"http:\/\/www.wernerdobelmannarchiv.de\/index.php\/lyrik-a-belletristik-1963\/","title":{"rendered":"Lyrik &#038; Belletristik 1963"},"content":{"rendered":"<h1>1963<\/h1>\n<p><a href=\"http:\/\/www.wernerdobelmannarchiv.de\/index.php\/die-siegesbotschaft\/\">Die Siegesbotschaft<\/a><\/p>\n<p><a href=\"http:\/\/www.wernerdobelmannarchiv.de\/index.php\/des-tollen-christians-reiter\/\">Des tollen Christians Reiter<\/a><\/p>\n<p><a href=\"http:\/\/www.wernerdobelmannarchiv.de\/index.php\/das-nest\/\">Das Nest<\/a><\/p>\n<p><a href=\"http:\/\/www.wernerdobelmannarchiv.de\/index.php\/an-der-hase\/\">An der Hase<\/a><\/p>\n<p><a href=\"http:\/\/www.wernerdobelmannarchiv.de\/index.php\/wie-die-zeit-vergeht\/\">Wie die Zeit vergeht<\/a><\/p>\n<p><a href=\"http:\/\/www.wernerdobelmannarchiv.de\/index.php\/scheidendes-licht\/\">Scheidendes Licht<\/a><\/p>\n<p><a href=\"http:\/\/www.wernerdobelmannarchiv.de\/index.php\/plaettduetsk\/\">Pl\u00e4ttd\u00fctsk<\/a><\/p>\n<p style=\"text-align: right;\">zur\u00fcck<\/p>\n","protected":false},"excerpt":{"rendered":"<p>1963 Die Siegesbotschaft Des tollen Christians Reiter Das Nest An der Hase Wie die Zeit vergeht Scheidendes Licht Pl\u00e4ttd\u00fctsk zur\u00fcck<\/p>\n","protected":false},"author":1,"featured_media":0,"parent":0,"menu_order":47,"comment_status":"open","ping_status":"open","template":"","meta":{"footnotes":""},"class_list":["post-457","page","type-page","status-publish","hentry"],"_links":{"self":[{"href":"http:\/\/www.wernerdobelmannarchiv.de\/index.php\/wp-json\/wp\/v2\/pages\/457","targetHints":{"allow":["GET"]}}],"collection":[{"href":"http:\/\/www.wernerdobelmannarchiv.de\/index.php\/wp-json\/wp\/v2\/pages"}],"about":[{"href":"http:\/\/www.wernerdobelmannarchiv.de\/index.php\/wp-json\/wp\/v2\/types\/page"}],"author":[{"embeddable":true,"href":"http:\/\/www.wernerdobelmannarchiv.de\/index.php\/wp-json\/wp\/v2\/users\/1"}],"replies":[{"embeddable":true,"href":"http:\/\/www.wernerdobelmannarchiv.de\/index.php\/wp-json\/wp\/v2\/comments?post=457"}],"version-history":[{"count":2,"href":"http:\/\/www.wernerdobelmannarchiv.de\/index.php\/wp-json\/wp\/v2\/pages\/457\/revisions"}],"predecessor-version":[{"id":1716,"href":"http:\/\/www.wernerdobelmannarchiv.de\/index.php\/wp-json\/wp\/v2\/pages\/457\/revisions\/1716"}],"wp:attachment":[{"href":"http:\/\/www.wernerdobelmannarchiv.de\/index.php\/wp-json\/wp\/v2\/media?parent=457"}],"curies":[{"name":"wp","href":"https:\/\/api.w.org\/{rel}","templated":true}]}}