{"id":318,"date":"2011-12-25T09:39:03","date_gmt":"2011-12-25T08:39:03","guid":{"rendered":"http:\/\/www.wernerdobelmannarchiv.de\/2011\/12\/25\/der-hexentanzplatz-auf-dem-rochusberge\/"},"modified":"2017-09-05T17:02:01","modified_gmt":"2017-09-05T15:02:01","slug":"der-hexentanzplatz-auf-dem-rochusberge","status":"publish","type":"page","link":"http:\/\/www.wernerdobelmannarchiv.de\/index.php\/der-hexentanzplatz-auf-dem-rochusberge\/","title":{"rendered":"Der Hexentanzplatz auf dem Rochusberge"},"content":{"rendered":"<p>in: Heimat-Kalender f\u00fcr den Kreis Bersenbr\u00fcck (Artl\u00e4nder Haus- und Taschen-Kalender) (1956), pp. 123f.<\/p>\n<p style=\"text-align: right;\"><a href=\"http:\/\/www.wernerdobelmannarchiv.de\/index.php\/sagenkreis-1956\/\">zur\u00fcck<\/a><\/p>\n","protected":false},"excerpt":{"rendered":"<p>in: Heimat-Kalender f\u00fcr den Kreis Bersenbr\u00fcck (Artl\u00e4nder Haus- und Taschen-Kalender) (1956), pp. 123f. zur\u00fcck<\/p>\n","protected":false},"author":1,"featured_media":0,"parent":0,"menu_order":22,"comment_status":"open","ping_status":"open","template":"","meta":{"footnotes":""},"class_list":["post-318","page","type-page","status-publish","hentry"],"_links":{"self":[{"href":"http:\/\/www.wernerdobelmannarchiv.de\/index.php\/wp-json\/wp\/v2\/pages\/318","targetHints":{"allow":["GET"]}}],"collection":[{"href":"http:\/\/www.wernerdobelmannarchiv.de\/index.php\/wp-json\/wp\/v2\/pages"}],"about":[{"href":"http:\/\/www.wernerdobelmannarchiv.de\/index.php\/wp-json\/wp\/v2\/types\/page"}],"author":[{"embeddable":true,"href":"http:\/\/www.wernerdobelmannarchiv.de\/index.php\/wp-json\/wp\/v2\/users\/1"}],"replies":[{"embeddable":true,"href":"http:\/\/www.wernerdobelmannarchiv.de\/index.php\/wp-json\/wp\/v2\/comments?post=318"}],"version-history":[{"count":1,"href":"http:\/\/www.wernerdobelmannarchiv.de\/index.php\/wp-json\/wp\/v2\/pages\/318\/revisions"}],"predecessor-version":[{"id":1092,"href":"http:\/\/www.wernerdobelmannarchiv.de\/index.php\/wp-json\/wp\/v2\/pages\/318\/revisions\/1092"}],"wp:attachment":[{"href":"http:\/\/www.wernerdobelmannarchiv.de\/index.php\/wp-json\/wp\/v2\/media?parent=318"}],"curies":[{"name":"wp","href":"https:\/\/api.w.org\/{rel}","templated":true}]}}

<p>in: Heimat-Kalender für den Kreis Bersenbrück (Artländer Haus- und Taschen-Kalender) (1956), pp. 123f.</p>
<p style="text-align: right;"><a href="http://www.wernerdobelmannarchiv.de/index.php/sagenkreis-1956/">zurück</a></p>

<p>in: Heimat-Kalender für den Kreis Bersenbrück (Artländer Haus- und Taschen-Kalender) (1956), pp. 123f. zurück</p>
