{"id":283,"date":"2011-12-24T12:46:52","date_gmt":"2011-12-24T11:46:52","guid":{"rendered":"http:\/\/www.wernerdobelmannarchiv.de\/2011\/12\/24\/quakenbruecker-sagen\/"},"modified":"2017-09-11T14:42:19","modified_gmt":"2017-09-11T12:42:19","slug":"quakenbruecker-sagen","status":"publish","type":"page","link":"http:\/\/www.wernerdobelmannarchiv.de\/index.php\/quakenbruecker-sagen\/","title":{"rendered":"Quakenbr\u00fccker Sagen"},"content":{"rendered":"<p>in: Wulf Wallrabenstein (Bearb.), Aus dem Sagenschatz des Altkreises Bersenbr\u00fcck, 2. Auflage Quakenbr\u00fcck 1984 (1. Auflage 1955), pp. 58-60<\/p>\n<p style=\"text-align: right;\"><a href=\"http:\/\/www.wernerdobelmannarchiv.de\/index.php\/sagenkreis-1955\/\">zur\u00fcck<\/a><\/p>\n","protected":false},"excerpt":{"rendered":"<p>in: Wulf Wallrabenstein (Bearb.), Aus dem Sagenschatz des Altkreises Bersenbr\u00fcck, 2. Auflage Quakenbr\u00fcck 1984 (1. Auflage 1955), pp. 58-60 zur\u00fcck<\/p>\n","protected":false},"author":1,"featured_media":0,"parent":0,"menu_order":23,"comment_status":"open","ping_status":"open","template":"","meta":{"footnotes":""},"class_list":["post-283","page","type-page","status-publish","hentry"],"_links":{"self":[{"href":"http:\/\/www.wernerdobelmannarchiv.de\/index.php\/wp-json\/wp\/v2\/pages\/283","targetHints":{"allow":["GET"]}}],"collection":[{"href":"http:\/\/www.wernerdobelmannarchiv.de\/index.php\/wp-json\/wp\/v2\/pages"}],"about":[{"href":"http:\/\/www.wernerdobelmannarchiv.de\/index.php\/wp-json\/wp\/v2\/types\/page"}],"author":[{"embeddable":true,"href":"http:\/\/www.wernerdobelmannarchiv.de\/index.php\/wp-json\/wp\/v2\/users\/1"}],"replies":[{"embeddable":true,"href":"http:\/\/www.wernerdobelmannarchiv.de\/index.php\/wp-json\/wp\/v2\/comments?post=283"}],"version-history":[{"count":2,"href":"http:\/\/www.wernerdobelmannarchiv.de\/index.php\/wp-json\/wp\/v2\/pages\/283\/revisions"}],"predecessor-version":[{"id":1770,"href":"http:\/\/www.wernerdobelmannarchiv.de\/index.php\/wp-json\/wp\/v2\/pages\/283\/revisions\/1770"}],"wp:attachment":[{"href":"http:\/\/www.wernerdobelmannarchiv.de\/index.php\/wp-json\/wp\/v2\/media?parent=283"}],"curies":[{"name":"wp","href":"https:\/\/api.w.org\/{rel}","templated":true}]}}

Quakenbrücker Sagen

<p>in: Wulf Wallrabenstein (Bearb.), Aus dem Sagenschatz des Altkreises Bersenbrück, 2. Auflage Quakenbrück 1984 (1. Auflage 1955), pp. 58-60</p>
<p style="text-align: right;"><a href="http://www.wernerdobelmannarchiv.de/index.php/sagenkreis-1955/">zurück</a></p>

<p>in: Wulf Wallrabenstein (Bearb.), Aus dem Sagenschatz des Altkreises Bersenbrück, 2. Auflage Quakenbrück 1984 (1. Auflage 1955), pp. 58-60 zurück</p>
