{"id":281,"date":"2011-12-24T12:44:49","date_gmt":"2011-12-24T11:44:49","guid":{"rendered":"http:\/\/www.wernerdobelmannarchiv.de\/2011\/12\/24\/die-zehn-alten-hoefe-in-lechterke\/"},"modified":"2017-09-11T14:42:19","modified_gmt":"2017-09-11T12:42:19","slug":"die-zehn-alten-hoefe-in-lechterke","status":"publish","type":"page","link":"http:\/\/www.wernerdobelmannarchiv.de\/index.php\/die-zehn-alten-hoefe-in-lechterke\/","title":{"rendered":"Die zehn alten H\u00f6fe in Lechterke"},"content":{"rendered":"<p>in: Wulf Wallrabenstein (Bearb.), Aus dem Sagenschatz des Altkreises Bersenbr\u00fcck, 2. Auflage Quakenbr\u00fcck 1984 (1. Auflage 1955), pp. 45f.<\/p>\n<p style=\"text-align: right;\"><a href=\"http:\/\/www.wernerdobelmannarchiv.de\/index.php\/sagenkreis-1955\/\">zur\u00fcck<\/a><\/p>\n","protected":false},"excerpt":{"rendered":"<p>in: Wulf Wallrabenstein (Bearb.), Aus dem Sagenschatz des Altkreises Bersenbr\u00fcck, 2. Auflage Quakenbr\u00fcck 1984 (1. Auflage 1955), pp. 45f. zur\u00fcck<\/p>\n","protected":false},"author":1,"featured_media":0,"parent":0,"menu_order":25,"comment_status":"open","ping_status":"open","template":"","meta":{"footnotes":""},"class_list":["post-281","page","type-page","status-publish","hentry"],"_links":{"self":[{"href":"http:\/\/www.wernerdobelmannarchiv.de\/index.php\/wp-json\/wp\/v2\/pages\/281","targetHints":{"allow":["GET"]}}],"collection":[{"href":"http:\/\/www.wernerdobelmannarchiv.de\/index.php\/wp-json\/wp\/v2\/pages"}],"about":[{"href":"http:\/\/www.wernerdobelmannarchiv.de\/index.php\/wp-json\/wp\/v2\/types\/page"}],"author":[{"embeddable":true,"href":"http:\/\/www.wernerdobelmannarchiv.de\/index.php\/wp-json\/wp\/v2\/users\/1"}],"replies":[{"embeddable":true,"href":"http:\/\/www.wernerdobelmannarchiv.de\/index.php\/wp-json\/wp\/v2\/comments?post=281"}],"version-history":[{"count":2,"href":"http:\/\/www.wernerdobelmannarchiv.de\/index.php\/wp-json\/wp\/v2\/pages\/281\/revisions"}],"predecessor-version":[{"id":1768,"href":"http:\/\/www.wernerdobelmannarchiv.de\/index.php\/wp-json\/wp\/v2\/pages\/281\/revisions\/1768"}],"wp:attachment":[{"href":"http:\/\/www.wernerdobelmannarchiv.de\/index.php\/wp-json\/wp\/v2\/media?parent=281"}],"curies":[{"name":"wp","href":"https:\/\/api.w.org\/{rel}","templated":true}]}}