{"id":222,"date":"2011-12-23T22:50:17","date_gmt":"2011-12-23T21:50:17","guid":{"rendered":"http:\/\/www.wernerdobelmannarchiv.de\/2011\/12\/23\/mit-franz-buitmann-bearb-schulgeschichte-des-osnabruecker-nordlandes-1-entwicklung-bis-zu-den-schulreformen-mitte-des-20-jahrhunderts\/"},"modified":"2017-09-07T20:49:10","modified_gmt":"2017-09-07T18:49:10","slug":"mit-franz-buitmann-bearb-schulgeschichte-des-osnabruecker-nordlandes-1-entwicklung-bis-zu-den-schulreformen-mitte-des-20-jahrhunderts","status":"publish","type":"page","link":"http:\/\/www.wernerdobelmannarchiv.de\/index.php\/mit-franz-buitmann-bearb-schulgeschichte-des-osnabruecker-nordlandes-1-entwicklung-bis-zu-den-schulreformen-mitte-des-20-jahrhunderts\/","title":{"rendered":"mit Franz Buitmann (Bearb.), Schulgeschichte des Osnabr\u00fccker Nordlandes; 1. Entwicklung bis zu den Schulreformen Mitte des 20. Jahrhunderts"},"content":{"rendered":"<p>Der Altkreis Bersenbr\u00fcck; 6; Heimat gestern und heute; 25, Bersenbr\u00fcck 1986 (posthum)<\/p>\n<p style=\"text-align: right;\">zur\u00fcck<\/p>\n","protected":false},"excerpt":{"rendered":"<p>Der Altkreis Bersenbr\u00fcck; 6; Heimat gestern und heute; 25, Bersenbr\u00fcck 1986 (posthum) zur\u00fcck<\/p>\n","protected":false},"author":1,"featured_media":0,"parent":0,"menu_order":7,"comment_status":"open","ping_status":"open","template":"","meta":{"footnotes":""},"class_list":["post-222","page","type-page","status-publish","hentry"],"_links":{"self":[{"href":"http:\/\/www.wernerdobelmannarchiv.de\/index.php\/wp-json\/wp\/v2\/pages\/222","targetHints":{"allow":["GET"]}}],"collection":[{"href":"http:\/\/www.wernerdobelmannarchiv.de\/index.php\/wp-json\/wp\/v2\/pages"}],"about":[{"href":"http:\/\/www.wernerdobelmannarchiv.de\/index.php\/wp-json\/wp\/v2\/types\/page"}],"author":[{"embeddable":true,"href":"http:\/\/www.wernerdobelmannarchiv.de\/index.php\/wp-json\/wp\/v2\/users\/1"}],"replies":[{"embeddable":true,"href":"http:\/\/www.wernerdobelmannarchiv.de\/index.php\/wp-json\/wp\/v2\/comments?post=222"}],"version-history":[{"count":2,"href":"http:\/\/www.wernerdobelmannarchiv.de\/index.php\/wp-json\/wp\/v2\/pages\/222\/revisions"}],"predecessor-version":[{"id":1749,"href":"http:\/\/www.wernerdobelmannarchiv.de\/index.php\/wp-json\/wp\/v2\/pages\/222\/revisions\/1749"}],"wp:attachment":[{"href":"http:\/\/www.wernerdobelmannarchiv.de\/index.php\/wp-json\/wp\/v2\/media?parent=222"}],"curies":[{"name":"wp","href":"https:\/\/api.w.org\/{rel}","templated":true}]}}

mit Franz Buitmann (Bearb.), Schulgeschichte des Osnabrücker Nordlandes; 1. Entwicklung bis zu den Schulreformen Mitte des 20. Jahrhunderts

<p>Der Altkreis Bersenbrück; 6; Heimat gestern und heute; 25, Bersenbrück 1986 (posthum)</p>
<p style="text-align: right;">zurück</p>

<p>Der Altkreis Bersenbrück; 6; Heimat gestern und heute; 25, Bersenbrück 1986 (posthum) zurück</p>
