{"id":124,"date":"2011-12-23T13:23:02","date_gmt":"2011-12-23T12:23:02","guid":{"rendered":"http:\/\/www.wernerdobelmannarchiv.de\/2011\/12\/23\/hardemente-der-meisterdieb\/"},"modified":"2017-09-07T20:48:44","modified_gmt":"2017-09-07T18:48:44","slug":"hardemente-der-meisterdieb","status":"publish","type":"page","link":"http:\/\/www.wernerdobelmannarchiv.de\/index.php\/hardemente-der-meisterdieb\/","title":{"rendered":"Hardemente, der Meisterdieb"},"content":{"rendered":"<p>in: Heimat-Kalender f\u00fcr den Kreis Bersenbr\u00fcck (Artl\u00e4nder Haus- und Taschen-Kalender) (1953), p. 137<\/p>\n<p>wiederabgedruckt in: Wulf Wallrabenstein (Bearb.), Aus dem Sagenschatz des Altkreises Bersenbr\u00fcck, 2. Auflage Quakenbr\u00fcck 1984 (1. Auflage 1955), pp. 54f.<\/p>\n<p style=\"text-align: right;\">zur\u00fcck<\/p>\n","protected":false},"excerpt":{"rendered":"<p>in: Heimat-Kalender f\u00fcr den Kreis Bersenbr\u00fcck (Artl\u00e4nder Haus- und Taschen-Kalender) (1953), p. 137 wiederabgedruckt in: Wulf Wallrabenstein (Bearb.), Aus dem Sagenschatz des Altkreises Bersenbr\u00fcck, 2. Auflage Quakenbr\u00fcck 1984 (1. Auflage 1955), pp. 54f. zur\u00fcck<\/p>\n","protected":false},"author":1,"featured_media":0,"parent":0,"menu_order":41,"comment_status":"open","ping_status":"open","template":"","meta":{"footnotes":""},"class_list":["post-124","page","type-page","status-publish","hentry"],"_links":{"self":[{"href":"http:\/\/www.wernerdobelmannarchiv.de\/index.php\/wp-json\/wp\/v2\/pages\/124","targetHints":{"allow":["GET"]}}],"collection":[{"href":"http:\/\/www.wernerdobelmannarchiv.de\/index.php\/wp-json\/wp\/v2\/pages"}],"about":[{"href":"http:\/\/www.wernerdobelmannarchiv.de\/index.php\/wp-json\/wp\/v2\/types\/page"}],"author":[{"embeddable":true,"href":"http:\/\/www.wernerdobelmannarchiv.de\/index.php\/wp-json\/wp\/v2\/users\/1"}],"replies":[{"embeddable":true,"href":"http:\/\/www.wernerdobelmannarchiv.de\/index.php\/wp-json\/wp\/v2\/comments?post=124"}],"version-history":[{"count":2,"href":"http:\/\/www.wernerdobelmannarchiv.de\/index.php\/wp-json\/wp\/v2\/pages\/124\/revisions"}],"predecessor-version":[{"id":1667,"href":"http:\/\/www.wernerdobelmannarchiv.de\/index.php\/wp-json\/wp\/v2\/pages\/124\/revisions\/1667"}],"wp:attachment":[{"href":"http:\/\/www.wernerdobelmannarchiv.de\/index.php\/wp-json\/wp\/v2\/media?parent=124"}],"curies":[{"name":"wp","href":"https:\/\/api.w.org\/{rel}","templated":true}]}}

<p>in: Heimat-Kalender für den Kreis Bersenbrück (Artländer Haus- und Taschen-Kalender) (1953), p. 137</p>
<p>wiederabgedruckt in: Wulf Wallrabenstein (Bearb.), Aus dem Sagenschatz des Altkreises Bersenbrück, 2. Auflage Quakenbrück 1984 (1. Auflage 1955), pp. 54f.</p>
<p style="text-align: right;">zurück</p>

<p>in: Heimat-Kalender für den Kreis Bersenbrück (Artländer Haus- und Taschen-Kalender) (1953), p. 137 wiederabgedruckt in: Wulf Wallrabenstein (Bearb.), Aus dem Sagenschatz des Altkreises Bersenbrück, 2. Auflage Quakenbrück 1984 (1. Auflage 1955), pp. 54f. zurück</p>
