{"id":106,"date":"2011-12-23T11:53:24","date_gmt":"2011-12-23T10:53:24","guid":{"rendered":"http:\/\/www.wernerdobelmannarchiv.de\/2011\/12\/23\/der-hilgenstieb\/"},"modified":"2017-09-07T20:48:44","modified_gmt":"2017-09-07T18:48:44","slug":"der-hilgenstieb","status":"publish","type":"page","link":"http:\/\/www.wernerdobelmannarchiv.de\/index.php\/der-hilgenstieb\/","title":{"rendered":"Der Hilgenstieb"},"content":{"rendered":"<p>in: Am heimatlichen Herd \u2013 Heimatblatt 3 (1952), Nr. 11 (August 1952), p. 44<\/p>\n<p>wiederabgedruckt in: Wulf Wallrabenstein (Bearb.), Aus dem Sagenschatz des Altkreises Bersenbr\u00fcck, Quakenbr\u00fcck 2. Auflage 1984 (1. Auflage 1955), p. 35<\/p>\n<p style=\"text-align: right;\">zur\u00fcck<\/p>\n","protected":false},"excerpt":{"rendered":"<p>in: Am heimatlichen Herd \u2013 Heimatblatt 3 (1952), Nr. 11 (August 1952), p. 44 wiederabgedruckt in: Wulf Wallrabenstein (Bearb.), Aus dem Sagenschatz des Altkreises Bersenbr\u00fcck, Quakenbr\u00fcck 2. Auflage 1984 (1. Auflage 1955), p. 35 zur\u00fcck<\/p>\n","protected":false},"author":1,"featured_media":0,"parent":0,"menu_order":48,"comment_status":"open","ping_status":"open","template":"","meta":{"footnotes":""},"class_list":["post-106","page","type-page","status-publish","hentry"],"_links":{"self":[{"href":"http:\/\/www.wernerdobelmannarchiv.de\/index.php\/wp-json\/wp\/v2\/pages\/106","targetHints":{"allow":["GET"]}}],"collection":[{"href":"http:\/\/www.wernerdobelmannarchiv.de\/index.php\/wp-json\/wp\/v2\/pages"}],"about":[{"href":"http:\/\/www.wernerdobelmannarchiv.de\/index.php\/wp-json\/wp\/v2\/types\/page"}],"author":[{"embeddable":true,"href":"http:\/\/www.wernerdobelmannarchiv.de\/index.php\/wp-json\/wp\/v2\/users\/1"}],"replies":[{"embeddable":true,"href":"http:\/\/www.wernerdobelmannarchiv.de\/index.php\/wp-json\/wp\/v2\/comments?post=106"}],"version-history":[{"count":2,"href":"http:\/\/www.wernerdobelmannarchiv.de\/index.php\/wp-json\/wp\/v2\/pages\/106\/revisions"}],"predecessor-version":[{"id":1665,"href":"http:\/\/www.wernerdobelmannarchiv.de\/index.php\/wp-json\/wp\/v2\/pages\/106\/revisions\/1665"}],"wp:attachment":[{"href":"http:\/\/www.wernerdobelmannarchiv.de\/index.php\/wp-json\/wp\/v2\/media?parent=106"}],"curies":[{"name":"wp","href":"https:\/\/api.w.org\/{rel}","templated":true}]}}

<p>in: Am heimatlichen Herd – Heimatblatt 3 (1952), Nr. 11 (August 1952), p. 44</p>
<p>wiederabgedruckt in: Wulf Wallrabenstein (Bearb.), Aus dem Sagenschatz des Altkreises Bersenbrück, Quakenbrück 2. Auflage 1984 (1. Auflage 1955), p. 35</p>
<p style="text-align: right;">zurück</p>

<p>in: Am heimatlichen Herd – Heimatblatt 3 (1952), Nr. 11 (August 1952), p. 44 wiederabgedruckt in: Wulf Wallrabenstein (Bearb.), Aus dem Sagenschatz des Altkreises Bersenbrück, Quakenbrück 2. Auflage 1984 (1. Auflage 1955), p. 35 zurück</p>
